{"id":1591,"date":"2021-07-19T13:53:30","date_gmt":"2021-07-19T11:53:30","guid":{"rendered":"https:\/\/lizassuite.com\/nuovosito\/?page_id=1591"},"modified":"2021-11-25T09:59:03","modified_gmt":"2021-11-25T08:59:03","slug":"trekking","status":"publish","type":"page","link":"https:\/\/lizassuite.com\/nuovosito\/trekking\/","title":{"rendered":"Trekking"},"content":{"rendered":"<section class=\"wpb-content-wrapper\"><p>[vc_row][vc_column][vc_column_text]<\/p>\n<h1>Percorsi di trekking sul lago di Como<\/h1>\n<p>Avendo una forma a\u00a0stella a 3 punte, o si potrebbe anche immaginare la forma di uomo che corre, il lago \u00e8 particolarmente bello da osservare dalla cima delle montagne e delle creste circostanti.<\/p>\n<p>Qui vi proponiamo un&#8217;escursione\u00a0virtuale nei migliori\u00a0punti panoramici\u00a0che dominano il lago, per ammirarlo da un nuovo punto di vista. C&#8217;\u00e8 molto di pi\u00f9 al Lago di Como oltre al cibo delizioso, villaggi accoglienti, ville mozzafiato con i loro giardini e rilassanti gite in barca. Diamo un&#8217;occhiata!<\/p>\n<p>Da dove cominciare il nostro tour virtuale attraverso i sentieri panoramici? Senza dubbio dalla migliore vista sulla parte centrale del lago. \u00c8 un punto poco noto, vicino alla cima del\u00a0Monte Nuvolone. Potrebbe sembrare di un&#8217;altezza modesta rispetto ai suoi monti vicini e all&#8217;intera regione alpina, ma la vista sul lago \u00e8 una delle pi\u00f9 belle.[\/vc_column_text][\/vc_column][\/vc_row][vc_row][vc_column width=&#8221;1\/2&#8243;][vc_column_text]<\/p>\n<h3>GREENWAY<\/h3>\n<p>[\/vc_column_text][vc_column_text]La Greenway del Lago di Como \u00e8 una piacevole passeggiata che ci porta alla scoperta di antichi borghi, ville e giardini, chiese romaniche e barocche, immersi nell\u2019incantevole paesaggio naturale della sponda occidentale del Lario. Un itinerario di circa 11 km che attraversa i comuni di Colonno, Sala Comacina, Tremezzina e Griante, seguendo a tratti l\u2019antica Via Regina. La passeggiata \u00e8 adatta a tutti ed \u00e8 percorribile interamente in circa 3 ore e mezza o a tappe, con possibilit\u00e0 di fare delle brevi deviazioni dal percorso per visitare una delle tante attrazioni del territorio.<\/p>\n<p><a style=\"color: #3a3138; text-decoration: underline;\" href=\"https:\/\/greenwaylagodicomo.com\/it\/\" target=\"_blank\" rel=\"noopener\"><strong>visita il sito<\/strong><\/a><\/p>\n<p><strong><a style=\"color: #3a3138; text-decoration: underline;\" href=\"https:\/\/g.page\/greenwaylagodicomo?share\" target=\"_blank\" rel=\"noopener\">guarda la mappa<\/a><\/strong>[\/vc_column_text][vc_empty_space height=&#8221;20px&#8221;][\/vc_column][vc_column width=&#8221;1\/2&#8243;][vc_single_image image=&#8221;1592&#8243; img_size=&#8221;full&#8221;][vc_empty_space height=&#8221;20px&#8221;][\/vc_column][\/vc_row][vc_row][vc_column width=&#8221;1\/2&#8243;][vc_single_image image=&#8221;2112&#8243; img_size=&#8221;full&#8221;][vc_empty_space height=&#8221;20px&#8221;][\/vc_column][vc_column width=&#8221;1\/2&#8243;][vc_column_text]<\/p>\n<h3>Santuario della Beata Vergine del Soccorso<\/h3>\n<p>[\/vc_column_text][vc_column_text]<\/p>\n<h4>Ossuccio<\/h4>\n<p>La Chiesa, eretta a partire dal 1537 e consacrata nel 1699, \u00e8 ubicata al termine del Viale del Santuario in una splendida posizione panoramica sul lago di Como, l\u2019Isola Comacina e la Tremezzina. Dal 2003 il complesso del Sacro Monte, che comprende il Santuario e quattordici cappelle che illustrano i Misteri del Rosario \u00e8 stato inserito nella Lista del Patrimonio Mondiale dell\u2019Umanit\u00e0 dell\u2019Unesco.[\/vc_column_text][vc_empty_space height=&#8221;20px&#8221;][\/vc_column][\/vc_row][vc_row][vc_column width=&#8221;1\/2&#8243;][vc_column_text]<\/p>\n<h3>Chiesa di San Martino<\/h3>\n<p>[\/vc_column_text][vc_column_text]<\/p>\n<h4>Attrazione a Griante<\/h4>\n<p>La chiesa si trova in splendida posizione panoramica su un pianoro a ridosso della parete del Sasso di San Martino all\u2019interno dell\u2019omonimo parco ed \u00e8 raggiungibile attraverso un sentiero che parte a nord dell\u2019abitato di Carsolina (Griante) e sale fra i boschi offrendo lungo il cammino suggestivi scorci del paesaggio del lago.<br \/>\nAccanto al percorso sono collocate diverse edicole con decorazioni a mosaico raffiguranti episodi della Via Crucis e a met\u00e0 strada si incontra la Cappella degli Alpini, dedicata a S. Carlo.[\/vc_column_text][vc_empty_space height=&#8221;20px&#8221;][\/vc_column][vc_column width=&#8221;1\/2&#8243;][vc_single_image image=&#8221;2114&#8243; img_size=&#8221;full&#8221;][vc_empty_space height=&#8221;20px&#8221;][\/vc_column][\/vc_row][vc_row][vc_column width=&#8221;1\/2&#8243;][vc_column_text]<strong>Scopri Cosa Fare e Vedere sul Lago di Como<\/strong><\/p>\n<p><a style=\"color: #3a3138; text-decoration: underline;\" href=\"https:\/\/mylakecomo.co\/it\/\" target=\"_blank\" rel=\"noopener\"><strong>visita il sito myLakeComo.co<\/strong><\/a>[\/vc_column_text][vc_empty_space height=&#8221;20px&#8221;][vc_column_text]<\/p>\n<p>[\/vc_column_text][\/vc_column][vc_column width=&#8221;1\/2&#8243;][vc_single_image image=&#8221;2119&#8243; img_size=&#8221;medium&#8221;][vc_empty_space height=&#8221;20px&#8221;][\/vc_column][\/vc_row][vc_row full_width=&#8221;stretch_row_content_no_spaces&#8221; shadow_x_offset=&#8221;0&#8243; shadow_y_offset=&#8221;0&#8243; shadow_blur=&#8221;0&#8243; shadow_spread=&#8221;0&#8243;][vc_column width=&#8221;1\/4&#8243;][stm_info_box icon=&#8221;stmicon-maps-and-flags&#8221; style=&#8221;style_2&#8243; image=&#8221;1396&#8243; title=&#8221;Da Visitare&#8221;]<a href=\"https:\/\/lizassuite.com\/nuovosito\/da-visitare\/\">scopri i luoghi da visitare<\/a><\/p>\n<p>[\/stm_info_box][\/vc_column][vc_column width=&#8221;1\/4&#8243;][stm_info_box icon=&#8221;stmicon-hotel-pool&#8221; style=&#8221;style_2&#8243; image=&#8221;1399&#8243; title=&#8221;Sport Acquatici&#8221;]<a href=\"https:\/\/lizassuite.com\/nuovosito\/sport-acquatici\/\">scopri il divertimento in acqua<\/a>[\/stm_info_box][\/vc_column][vc_column width=&#8221;1\/4&#8243;][stm_info_box icon=&#8221;stmicon-top&#8221; style=&#8221;style_2&#8243; image=&#8221;1398&#8243; title=&#8221;Trekking&#8221;]<a href=\"https:\/\/lizassuite.com\/nuovosito\/trekking\/\">scopri i panorami della zona<\/a>[\/stm_info_box][\/vc_column][vc_column width=&#8221;1\/4&#8243;][stm_info_box icon=&#8221;stmicon-directions_bike&#8221; style=&#8221;style_2&#8243; image=&#8221;1397&#8243; title=&#8221;Escursioni in bici&#8221;]<a href=\"https:\/\/lizassuite.com\/nuovosito\/escursioni-in-bici\/\">immergiti nei nostri posti del cuore<\/a>[\/stm_info_box][\/vc_column][\/vc_row]<\/p>\n<\/section>","protected":false},"excerpt":{"rendered":"<p>[vc_row][vc_column][vc_column_text] Percorsi di trekking sul lago di Como Avendo una forma a\u00a0stella a 3 punte, o si potrebbe anche immaginare la forma di uomo che corre, il lago \u00e8 particolarmente bello da osservare dalla cima delle montagne e delle creste circostanti. Qui vi proponiamo un&#8217;escursione\u00a0virtuale nei migliori\u00a0punti panoramici\u00a0che dominano il lago, per ammirarlo da un [&hellip;]<\/p>\n","protected":false},"author":1,"featured_media":0,"parent":0,"menu_order":0,"comment_status":"closed","ping_status":"closed","template":"","meta":{"footnotes":""},"class_list":["post-1591","page","type-page","status-publish","hentry"],"yoast_head":"<!-- This site is optimized with the Yoast SEO plugin v24.4 - https:\/\/yoast.com\/wordpress\/plugins\/seo\/ -->\n<title>Trekking - Liza&#039;s Suite<\/title>\n<meta name=\"robots\" content=\"index, follow, max-snippet:-1, max-image-preview:large, max-video-preview:-1\" \/>\n<link rel=\"canonical\" href=\"https:\/\/lizassuite.com\/nuovosito\/trekking\/\" \/>\n<meta property=\"og:locale\" content=\"it_IT\" \/>\n<meta property=\"og:type\" content=\"article\" \/>\n<meta property=\"og:title\" content=\"Trekking - Liza&#039;s Suite\" \/>\n<meta property=\"og:description\" content=\"[vc_row][vc_column][vc_column_text] Percorsi di trekking sul lago di Como Avendo una forma a\u00a0stella a 3 punte, o si potrebbe anche immaginare la forma di uomo che corre, il lago \u00e8 particolarmente bello da osservare dalla cima delle montagne e delle creste circostanti. Qui vi proponiamo un&#8217;escursione\u00a0virtuale nei migliori\u00a0punti panoramici\u00a0che dominano il lago, per ammirarlo da un [&hellip;]\" \/>\n<meta property=\"og:url\" content=\"https:\/\/lizassuite.com\/nuovosito\/trekking\/\" \/>\n<meta property=\"og:site_name\" content=\"Liza&#039;s Suite\" \/>\n<meta property=\"article:publisher\" content=\"https:\/\/www.facebook.com\/lizassuite\" \/>\n<meta property=\"article:modified_time\" content=\"2021-11-25T08:59:03+00:00\" \/>\n<meta name=\"twitter:card\" content=\"summary_large_image\" \/>\n<meta name=\"twitter:label1\" content=\"Tempo di lettura stimato\" \/>\n\t<meta name=\"twitter:data1\" content=\"4 minuti\" \/>\n<script type=\"application\/ld+json\" class=\"yoast-schema-graph\">{\"@context\":\"https:\/\/schema.org\",\"@graph\":[{\"@type\":\"WebPage\",\"@id\":\"https:\/\/lizassuite.com\/nuovosito\/trekking\/\",\"url\":\"https:\/\/lizassuite.com\/nuovosito\/trekking\/\",\"name\":\"Trekking - Liza&#039;s Suite\",\"isPartOf\":{\"@id\":\"https:\/\/lizassuite.com\/nuovosito\/#website\"},\"datePublished\":\"2021-07-19T11:53:30+00:00\",\"dateModified\":\"2021-11-25T08:59:03+00:00\",\"breadcrumb\":{\"@id\":\"https:\/\/lizassuite.com\/nuovosito\/trekking\/#breadcrumb\"},\"inLanguage\":\"it-IT\",\"potentialAction\":[{\"@type\":\"ReadAction\",\"target\":[\"https:\/\/lizassuite.com\/nuovosito\/trekking\/\"]}]},{\"@type\":\"BreadcrumbList\",\"@id\":\"https:\/\/lizassuite.com\/nuovosito\/trekking\/#breadcrumb\",\"itemListElement\":[{\"@type\":\"ListItem\",\"position\":1,\"name\":\"Home\",\"item\":\"https:\/\/lizassuite.com\/nuovosito\/front-page\/\"},{\"@type\":\"ListItem\",\"position\":2,\"name\":\"Trekking\"}]},{\"@type\":\"WebSite\",\"@id\":\"https:\/\/lizassuite.com\/nuovosito\/#website\",\"url\":\"https:\/\/lizassuite.com\/nuovosito\/\",\"name\":\"Liza&#039;s Suite\",\"description\":\"Appartamenti vacanza Lago di Como Sala Comacina\",\"potentialAction\":[{\"@type\":\"SearchAction\",\"target\":{\"@type\":\"EntryPoint\",\"urlTemplate\":\"https:\/\/lizassuite.com\/nuovosito\/?s={search_term_string}\"},\"query-input\":{\"@type\":\"PropertyValueSpecification\",\"valueRequired\":true,\"valueName\":\"search_term_string\"}}],\"inLanguage\":\"it-IT\"}]}<\/script>\n<!-- \/ Yoast SEO plugin. -->","yoast_head_json":{"title":"Trekking - Liza&#039;s Suite","robots":{"index":"index","follow":"follow","max-snippet":"max-snippet:-1","max-image-preview":"max-image-preview:large","max-video-preview":"max-video-preview:-1"},"canonical":"https:\/\/lizassuite.com\/nuovosito\/trekking\/","og_locale":"it_IT","og_type":"article","og_title":"Trekking - Liza&#039;s Suite","og_description":"[vc_row][vc_column][vc_column_text] Percorsi di trekking sul lago di Como Avendo una forma a\u00a0stella a 3 punte, o si potrebbe anche immaginare la forma di uomo che corre, il lago \u00e8 particolarmente bello da osservare dalla cima delle montagne e delle creste circostanti. Qui vi proponiamo un&#8217;escursione\u00a0virtuale nei migliori\u00a0punti panoramici\u00a0che dominano il lago, per ammirarlo da un [&hellip;]","og_url":"https:\/\/lizassuite.com\/nuovosito\/trekking\/","og_site_name":"Liza&#039;s Suite","article_publisher":"https:\/\/www.facebook.com\/lizassuite","article_modified_time":"2021-11-25T08:59:03+00:00","twitter_card":"summary_large_image","twitter_misc":{"Tempo di lettura stimato":"4 minuti"},"schema":{"@context":"https:\/\/schema.org","@graph":[{"@type":"WebPage","@id":"https:\/\/lizassuite.com\/nuovosito\/trekking\/","url":"https:\/\/lizassuite.com\/nuovosito\/trekking\/","name":"Trekking - Liza&#039;s Suite","isPartOf":{"@id":"https:\/\/lizassuite.com\/nuovosito\/#website"},"datePublished":"2021-07-19T11:53:30+00:00","dateModified":"2021-11-25T08:59:03+00:00","breadcrumb":{"@id":"https:\/\/lizassuite.com\/nuovosito\/trekking\/#breadcrumb"},"inLanguage":"it-IT","potentialAction":[{"@type":"ReadAction","target":["https:\/\/lizassuite.com\/nuovosito\/trekking\/"]}]},{"@type":"BreadcrumbList","@id":"https:\/\/lizassuite.com\/nuovosito\/trekking\/#breadcrumb","itemListElement":[{"@type":"ListItem","position":1,"name":"Home","item":"https:\/\/lizassuite.com\/nuovosito\/front-page\/"},{"@type":"ListItem","position":2,"name":"Trekking"}]},{"@type":"WebSite","@id":"https:\/\/lizassuite.com\/nuovosito\/#website","url":"https:\/\/lizassuite.com\/nuovosito\/","name":"Liza&#039;s Suite","description":"Appartamenti vacanza Lago di Como Sala Comacina","potentialAction":[{"@type":"SearchAction","target":{"@type":"EntryPoint","urlTemplate":"https:\/\/lizassuite.com\/nuovosito\/?s={search_term_string}"},"query-input":{"@type":"PropertyValueSpecification","valueRequired":true,"valueName":"search_term_string"}}],"inLanguage":"it-IT"}]}},"_links":{"self":[{"href":"https:\/\/lizassuite.com\/nuovosito\/wp-json\/wp\/v2\/pages\/1591","targetHints":{"allow":["GET"]}}],"collection":[{"href":"https:\/\/lizassuite.com\/nuovosito\/wp-json\/wp\/v2\/pages"}],"about":[{"href":"https:\/\/lizassuite.com\/nuovosito\/wp-json\/wp\/v2\/types\/page"}],"author":[{"embeddable":true,"href":"https:\/\/lizassuite.com\/nuovosito\/wp-json\/wp\/v2\/users\/1"}],"replies":[{"embeddable":true,"href":"https:\/\/lizassuite.com\/nuovosito\/wp-json\/wp\/v2\/comments?post=1591"}],"version-history":[{"count":17,"href":"https:\/\/lizassuite.com\/nuovosito\/wp-json\/wp\/v2\/pages\/1591\/revisions"}],"predecessor-version":[{"id":2142,"href":"https:\/\/lizassuite.com\/nuovosito\/wp-json\/wp\/v2\/pages\/1591\/revisions\/2142"}],"wp:attachment":[{"href":"https:\/\/lizassuite.com\/nuovosito\/wp-json\/wp\/v2\/media?parent=1591"}],"curies":[{"name":"wp","href":"https:\/\/api.w.org\/{rel}","templated":true}]}}